hundred thousands digit of 301612028?
6
What is the billions digit of 2670591638?
2
What is the ten thousands digit of 3613379013?
7
What is the millions digit of 12210967?
2
What is the millions digit of 90214763?
0
What is the hundreds digit of 622514007?
0
What is the ten thousands digit of 635755844?
5
What is the hundred millions digit of 5947828755?
9
What is the tens digit of 110553486?
8
What is the hundred millions digit of 6395335443?
3
What is the ten thousands digit of 43701362?
0
What is the thousands digit of 259591169?
1
What is the units digit of 134386771?
1
What is the tens digit of 83529326?
2
What is the tens digit of 5022250749?
4
What is the hundred millions digit of 2308765493?
3
What is the billions digit of 1795464634?
1
What is the hundred millions digit of 179795025?
1
What is the hundreds digit of 159529902?
9
What is the hundred thousands digit of 6256691307?
6
What is the hundreds digit of 8688959?
9
What is the hundred millions digit of 619008181?
6
What is the ten thousands digit of 397519051?
1
What is the millions digit of 384544085?
4
What is the hundreds digit of 5191134128?
1
What is the hundred millions digit of 737163474?
7
What is the units digit of 177574?
4
What is the millions digit of 580522647?
0
What is the units digit of 552304466?
6
What is the units digit of 657821879?
9
What is the hundred millions digit of 211825607?
2
What is the millions digit of 39739970?
9
What is the hundred thousands digit of 26973326?
9
What is the thousands digit of 9062557851?
7
What is the ten millions digit of 14515561?
1
What is the thousands digit of 72864510?
4
What is the thousands digit of 8529786998?
6
What is the millions digit of 131450518?
1
What is the units digit of 151761433?
3
What is the millions digit of 2401401219?
1
What is the thousands digit of 6947632611?
2
What is the tens digit of 16616287?
8
What is the thousands digit of 35132703?
2
What is the tens digit of 315109003?
0
What is the hundreds digit of 504518823?
8
What is the ten millions digit of 348388147?
4
What is the millions digit of 5166436509?
6
What is the hundred millions digit of 989446646?
9
What is the thousands digit of 1424192712?
2
What is the thousands digit of 429566739?
6
What is the millions digit of 65899360?
5
What is the thousands digit of 14897679?
7
What is the hundred thousands digit of 309700901?
7
What is the tens digit of 2679435109?
0
What is the millions digit of 2305940652?
5
What is the hundred thousands digit of 1185598859?
5
What is the ten thousands digit of 66568649?
6
What is the hundreds digit of 1011258851?
8
What is the hundreds digit of 264213617?
6
What is the ten millions digit of 329068018?
2
What is the hundreds digit of 1549597874?
8
What is the hundred thousands digit of 1433121419?
1
What is the tens digit of 90364805?
0
What is the tens digit of 2957264?
6
What is the ten millions digit of 159323833?
5
What is the units digit of 133264400?
0
What is the ten millions digit of 379502174?
7
What is the millions digit of 1034714754?
4
What is the hundred millions digit of 2090474006?
0
What is the units digit of 371694685?
5
What is the hundred thousands digit of 4171599?
1
What is the hundreds digit of 446099144?
1
What is the units digit of 14181124?
4
What is the units digit of 32246882?
2
What is the units digit of 320182093?
3
What is the thousands digit of 236643711?
3
What is the hundred thousands digit of 16371291?
3
What is the ten millions digit of 203181634?
0
What is the hundred thousands digit of 335244192?
2
What is the millions digit of 368060559?
8
What is the hundred thousands digit of 7986393?
9
What is the millions digit of 11955902?
1
What is the millions digit of 15556721?
5
What is the ten thousands digit of 587264528?
6
What is the units digit of 474703694?
4
What is the billions digit of 1344131797?
1
What is the ten thousands digit of 119506122?
0
What is the units digit of 1884358473?
3
What is the thousands digit of 848588567?
8
What is the millions digit of 44876546?
4
What is the ten thousands digit of 82000542?
0
What is the hundred millions digit of 100475046?
1
What is the millions digit of 1795086510?
5
What is the tens digit of 136139343?
4
What is the tens digit of 19517634?
3
What is the tens digit of 460794677?
7
What is the ten thousands digit of 3680680913?
8
What is the tens digit of 168756029?
2
What is the ten millions digit of 107061775?
0
What is the hundred thousands digit of 36616714?
6
What is the units digit of 121393286?
6
What is the millions digit of 465237024?
5
What is the tens digit of 53419646?
4
What is the hundred thousands digit of 2395778592?
7
What is the hundred thousands digit of 243412547?
4
What is the hundred thousands digit of 407199?
4
What is the ten thousands digit of 469827068?
2
What is the thousands digit of 1363094964?
4
What is the hundreds digit of 65496341?
3
What is the ten thousands digit of 54703743?
0
What is the thousands digit of 236027166?
7
What is the ten thousands digit of 131728618?
2
What is the ten thousands digit of 82703091?
0
What is the units digit of 178177161?
1
What is the tens digit of 107227510?
1
What is the hundred thousands digit of 2778269975?
2
What is the ten thousands digit of 4026651?
2
What is the tens digit of 985193746?
4
What is the millions digit of 3115599668?
5
What is the hundred thousands digit of 432543501?
5
What is the hundred thousands digit of 76551627?
5
What is the hundred thousands digit of 72918774?
9
What is the hundred millions digit of 419740994?
4
What is the units digit of 35926710?
0
What is the tens digit of 4756683942?
4
What is the hundred thousands digit of 1322082613?
0
What is the ten millions digit of 926585079?
2
What is the units digit of 27671950?
0
What is the ten thousands digit of 285532068?
3
What is the hundred millions digit of 141485971?
1
What is the thousands digit of 1577513988?
3
What is the ten millions digit of 13906833?
1
What is the thousands digit of 117752662?
2
What is the hundred thousands digit of 59205502?
2
What is the billions digit of 2997812530?
2
What is the units digit of 1209904722?
2
What is the hundred thousands digit of 1062507042?
5
What is the ten millions digit of 23564150?
2
What is the thousands digit of 1579498614?
8
What is the hundreds digit of 1878534?
5
What is the hundred thousands digit of 17283051?
2
What is the tens digit of 505987717?
1
What is the millions digit of 1963375213?
3
What is the units digit of 385075282?
2
What is the units digit of 37842570?
0
What is the hundred thousands digit of 78002544?
0
What is the millions digit of 7669775365?
9
What is the millions digit of 2646898723?
6
What is the ten thousands digit of 36980116?
8
What is the thousands digit of 118087350?
7
What is the hundred millions digit of 668264533?
6
What is the tens digit of 1026306679?
7
What is the units digit of 729259909?
9
What is the ten thousands digit of 9993342?
9
What is the units digit of 1073859474?
4
What is the tens digit of 26426399?
9
What is the ten thousands digit of 28290953?
9
What is the thousands digit of 127432297?
2
What is the ten thousands digit of 516326083?
2
What is the thousands digit of 94731320?
1
What is the hundred thousands digit of 361532968?
5
What is the hundred thousands digit of 11090446?
0
What is the hundred thousands digit of 931353788?
3
What is the ten thousands digit of 2603713950?
1
What is the units digit of 184041166?
6
What is the ten thousands digit of 461264760?
6
What is the tens digit of 64100874?
7
What is the millions digit of 39362109?
9
What is the hundreds digit of 104380715?
7
What is the hundreds digit of 18221332?
3
What is the units digit of 349865042?
2
What is the ten millions digit of 420994030?
2
What is the hundred millions digit of 1195275945?
1
What is the units digit of 752495326?
6
What is the hundreds digit of 46710847?
8
What is the hundreds digit of 78968145?
1
What is the hundred millions digit of 168878394?
1
What is the ten millions digit of 1669326389?
6
What is the tens digit of 1665075215?
1
What is the millions digit of 848308831?
8
What is the millions digit of 120073185?
0
What is the hundred thousands digit of 665499449?
4
What is the ten thous